erivative of c**5/15 - c**4/24 + c**2. Suppose 3*i = 6*i - 3. What is r(i)?
3
Let z(d) = d**3 + 3*d**2 + 3*d + 6. Suppose 6*x = -0*x - 24. What is z(x)?
-22
Let u(z) be the third derivative of 0*z + 3*z**2 + 0 - 1/120*z**6 + 1/24*z**4 + 0*z**3 - 7/60*z**5. What is u(-7)?
-7
Let z(j) = -j**2 - 8*j - 7. Let n = 55 - 60. Determine z(n).
8
Suppose -3*p - 3*y + 3 = 0, 5*p - 2*p - y + 9 = 0. Let u(v) be the third derivative of v**6/120 + v**5/15 + v**4/12 - v**3/6 - 6*v**2. Determine u(p).
3
Let n(g) = g**3 - g**2 - g + 1. Let m = -11 + 12. Let y be 0/((-1)/(m/(-1))). Calculate n(y).
1
Let h(y) be the second derivative of 5*y**3/6 + 3*y**2/2 + y. Let o(b) = 2*b**3 - b**2 + 1. Let s be o(-1). Calculate h(s).
-7
Let m(p) be the second derivative of p**5/10 - p**4/12 - p**3/2 - p**2 + 3*p. Let z(f) = f**3 - 3*f - 1. Let r(o) = -3*m(o) + 4*z(o). Give r(2).
-8
Let h(g) = 2*g - 3 - g**3 - g**2 + 6*g**2 + 1. Suppose 3*a - 20 = -a. Give h(a).
8
Let z(l) = 7*l + 3. Let c(k) = -k**2 + 7*k - 8. Let h be ((-3)/2 - 0)*-4. Let d be c(h). Give z(d).
-11
Let m(s) be the first derivative of s**5/60 - s**4/24 + s**3/6 + s**2 - 1. Let g(l) be the second derivative of m(l). Give g(-2).
7
Let g(n) be the second derivative of n**4/12 - 7*n**3/6 + 3*n**2 - 3*n. What is g(6)?
0
Let m(j) = 7 - 6*j + 4*j + 5*j + 0*j. What is m(-6)?
-11
Let s(p) = p - 10. Let a be s(7). Let l = -4 - -6. Let j(r) = 2 + 6*r**l - 3*r**2 + 3*r - 1 + r**3. Give j(a).
-8
Let n(w) = -w**3 + 6*w**2 - 4*w + 2. Suppose -5*c + 25 = 4*f, -2*f - 3*c + 8 = -f. Determine n(f).
7
Let d(b) = b - 3. Let i(o) = 2*o - 7. Let l(j) = -9*d(j) + 4*i(j). What is l(-1)?
0
Let y(d) = d - 8. Let w be y(6). Let q(u) = -1. Let v(c) = -c**2. Suppose -3 = p - 2. Let r(h) = p*q(h) - v(h). Determine r(w).
5
Let p(i) = 12*i + 10 - 5*i - 7 - 4*i. Calculate p(-5).
-12
Let c(l) = -3*l - 3 - l**2 + 0*l - l. Let r be -9 + (-3 - -2 - 1). Let k = r - -6. Give c(k).
-8
Suppose 20 = -4*c, 5*n = 3*c + 46 + 9. Let k(m) = -m**3 + 9*m**2 - 8*m - 6. Calculate k(n).
-6
Let b(w) be the first derivative of -w**4/12 + w**3/3 - w**2 - 1. Let z(x) be the second derivative of b(x). Suppose -2 = -a - 0. What is z(a)?
-2
Let w(k) be the first derivative of -k**3/3 + 3*k**2 - 9*k - 15. What is w(6)?
-9
Let h be -4 - (-6 - (1 + 0)). Suppose g = -j - h*g - 17, -4*g - 7 = -j. Let b(t) = t**3 + 5*t**2 - 2*t - 3. Determine b(j).
7
Let c(i) be the third derivative of -3*i**2 + 1/6*i**4 + 0*i - 1/10*i**5 + 1/3*i**3 + 0 + 1/120*i**6. What is c(5)?
-3
Let l(a) = -a**3. Let q = 46 - 48. Give l(q).
8
Let o(v) = v**3 - 3*v**2 + 2*v + 2. Suppose 0*k - 3*k = -2*z + 13, -4*k - 12 = 0. Calculate o(z).
2
Suppose 3*y + 7*b = 2*b + 7, y + 5*b - 9 = 0. Let o be y*2 - 5/(-5). Let l(a) = -6*a**2 + a. Calculate l(o).
-7
Suppose -2*m + 4*p = -18, -3*m + 4*p + 0*p + 21 = 0. Let q be (m + (-4)/(-2))/(-1). Let d(c) = c**2 + 4*c - 6. Give d(q).
-1
Let p(y) = -y**2 + 5*y - 2. Let f(b) = b**2 - b - 1. Let l(t) = -2*f(t) - p(t). Determine l(-3).
4
Suppose -2*n = n + 3. Let c be (5 + (1 - 0))*n. Let v(q) = q + 6. Determine v(c).
0
Suppose 0 = -5*y + 25. Suppose 9 = -3*s, 2*c = 3*c + 2*s. Let m(r) = 3 + 0 + 5*r - c*r**2 + 0 + r**3. Determine m(y).
3
Suppose -4*h - 4 = -3*d - 24, -5*d - 3*h - 14 = 0. Let s(m) be the first derivative of m**4/4 + 4*m**3/3 + 3*m**2/2 + 5*m + 7. Calculate s(d).
-7
Suppose 3*p + 20 = 2. Let d(g) = -g**2 + 2*g + 2. Let w be d(4). Let z(n) = -n**3 - 4*n + 14. Let i(m) = m**2 - m + 1. Let r(c) = w*i(c) + z(c). Give r(p).
-4
Let v(r) be the third derivative of 1/4*r**4 - 1/120*r**6 + 0*r + 8*r**2 - 1/12*r**5 + 4/3*r**3 + 0. What is v(-6)?
8
Let p(d) = d + 1. Suppose -19 + 4 = -3*k - 4*j, 0 = 4*k - 5*j - 20. Determine p(k).
6
Let v(q) = -q**3 + q**2 + 3*q - 1. Let w(c) = c**2 - 5*c + 6. Let i be w(4). Determine v(i).
1
Let v(s) = s**3 - 9*s**2 + 3*s - 2. Let q(i) = -i**3 + 10*i**2 - 2*i + 1. Let t(l) = -4*q(l) - 5*v(l). Let r = -7 - -1. Let z be 3/(-3) - (1 + r). Give t(z).
-6
Let z(j) = j - 1. Let r be ((-2)/(-6))/(12/36). Give z(r).
0
Suppose -2*s + 0 + 4 = 0. Let p(r) be the first derivative of -s + 1/2*r**2 - 3*r. Calculate p(4).
1
Suppose -10 = -5*c - 0. Let i = -6 + 9. Let w(q) = -1. Let s(t) = t**3 - t**2 - 2*t + 5. Let p(d) = i*w(d) + s(d). Calculate p(c).
2
Let r(c) be the third derivative of -2*c**2 + 1/2*c**3 + 0*c**4 + 0 + 1/60*c**5 + 0*c. Suppose -6*f + 3*f = -3*w, 5*f + 4*w = 0. Determine r(f).
3
Let y(j) = 13*j + 14 - 8*j - 6*j. Let i be y(7). Let r(f) = -2*f + 5. Give r(i).
-9
Let k(z) be the third derivative of -z**6/120 - z**5/20 + z**4/12 - z**3/3 - 61*z**2 - z. Calculate k(-3).
-8
Let s(y) = -8*y + 7*y - y + 4*y. Determine s(-4).
-8
Let x(w) = -19 + 6*w + 4 + 5 - 5*w. Calculate x(0).
-10
Let o = 0 - 2. Let s be ((-3)/o)/((-3)/(-6)). Let p(u) = -u**3 + u + 1. Let v(h) = -7*h**3 + 3*h**2 + 6*h + 3. Let b(q) = 6*p(q) - v(q). What is b(s)?
3
Let b(l) = -l**3 + l**2 + 4. Let r(z) = z**2 - 7*z + 8. Let f be r(7). Let o = -4 + f. Suppose -5*n = -o*n. Calculate b(n).
4
Let q(g) = -1 + 2*g**2 - g**2 - 6*g**2 - 3*g. Let l(w) = -w**2 + w. Let s = -4 + 3. Let k(h) = s*q(h) + 4*l(h). What is k(-6)?
-5
Suppose 11 = 5*j + 31. Let h(a) be the second derivative of -a**6/240 - a**5/20 + a**4/6 - 2*a. Let g(y) be the third derivative of h(y). Calculate g(j).
6
Let d = -10 - -3. Let n(w) = -w**2 - 7*w - 5. Determine n(d).
-5
Let u(v) be the second derivative of -v**5/20 - v**4/3 + 7*v**3/6 + 5*v**2/2 + v. Let k = 37 - 42. What is u(k)?
-5
Let u(j) be the first derivative of j**2/2 - 4*j + 8. Give u(5).
1
Suppose 3*c - w - 3*w = -10, -2*w = 2*c + 2. Let d be c/3*(-3)/1. Let r(g) = -4*g + d + 2*g + g. Give r(-3).
5
Let r(d) be the third derivative of d**6/120 + 2*d**3 + 4*d**2. Calculate r(0).
12
Let s(r) = -r**3 - 3*r**2 - 2*r - 1. Let y be (-1)/(-1) - (5 - 9). Suppose -5*j - 4*d = 3 - 0, 0 = y*j - 4*d + 27. What is s(j)?
5
Let j be -4 + (-1 - -3) + 35/15. Let l(g) be the second derivative of -g - j*g**3 - 2*g**2 + 1/12*g**4 + 0. What is l(4)?
4
Let u(x) = -x**2 - 4*x - 2. Let o(c) = -c**2 - 3*c - 1. Let a be (-2)/9 - (-16)/(-9). Suppose 15 = 2*m + 3*m. Let t(q) = a*o(q) + m*u(q). What is t(-4)?
4
Let b(y) = -2*y**2 - 3*y. Let j = 14 - 28. Let u = -9 - j. Suppose 0 = -4*s + u*s + 3. Give b(s).
-9
Let z(x) = 6*x. Let j(m) = 5*m. Let d(n) = 5*j(n) - 4*z(n). Let u = -5 - -3. Determine d(u).
-2
Let k(y) = 3*y + 20. Let b be k(-6). Let z(g) = g**3 - 4*g**2 + 2*g + 2. Give z(b).
-2
Suppose -3*x + 21 = 5*i, 4*i - 5 = i + 2*x. Let b(y) = y**2 + 2 - i*y + 4 + 7*y. Let v(k) = 3*k + 2. Let t be v(-2). Determine b(t).
6
Let a(x) = -2*x**2 - 2*x - 1. Suppose -12*o = -19*o + 14. Give a(o).
-13
Let j(v) = -v**2 - 7*v + 4. Let b = 23 + -31. Determine j(b).
-4
Let f(u) = -5*u**3 + 4*u**3 + 5*u + 4*u**2 - 12 + 5. Let i = 72 + -67. What is f(i)?
-7
Let c be -1 + 4 + (-1)/1. Let t(o) = o - 3. Let z be t(c). Let n(s) = s**2 - 2*s - 1. Determine n(z).
2
Let b(h) be the third derivative of 0 + 0*h + 1/3*h**3 - 2*h**2 - 1/24*h**4. Let t = -2 + 4. Calculate b(t).
0
Let y(i) = -1. Let t(p) = -p - 6. Let x(v) = t(v) + 3*y(v). Give x(-5).
-4
Let l(j) = 12*j + j**3 + 13*j - 24*j. Suppose -4*t - q - 18 = -6, 4*q = t - 14. Let p = -3 - t. Determine l(p).
-2
Let u(b) = -9*b - 6 + 2 + 3 + 6*b. Let j be (0*(-1)/(-2))/(-2). Suppose 0 = -x - j + 3. Determine u(x).
-10
Let j(l) = -l - 4. Let r be j(-6). Let f = -5 - -7. Let g(c) = 4 - 3 - f*c + 4*c - c. What is g(r)?
3
Let i(q) = q - 1. Let u be (-5)/(4/8*-5). Give i(u).
1
Let k(q) = -q**2 + 9*q - 5. Suppose -s - 18 = -4*j, 4*j - 4 - 26 = -5*s. What is k(j)?
15
Let g = -8 - -12. Suppose -g*j + j = 3*b - 6, 4*j + 4 = 2*b. Let m(i) = -i**3 + i**2 + i + 9. Give m(j).
9
Suppose 3*v + v + 3*q - 65 = 0, 0 = -v + 4*q + 2. Suppose 0 = c - 6*c - f - v, -c + 2 = 5*f. Let j(m) = -m**3 - 5*m**2 - 4*m - 1. Determine j(c).
-7
Let x be (1 + -1)/(5/5). Let g(d) = 4*d - 5*d**2 + 2*d**3 - d**3 + 1 + x*d**2. Suppose -1 = -4*l + 15. Calculate g(l).
1
Let u(v) = 2*v**2 - 3*v. Let g be -1 + (4 - (0 + 1)). Give u(g).
2
Let v(l) = l**3 - l**2 - l - 17. Let g(a) = -3*a - 48. Let d be g(-16). Give v(d).
-17
Let p(u) = u**3 + 10*u**2 + 9 + 0*u - u + 8*u + 3*u. Let r be p(-9). Let w(k) = 1 - 2 + r - 5*k**2. What is w(-1)?
-6
Let z be (5 - 1)/(-1 - 0). Let x = -8 - z. Le